6?
5
Calculate the remainder when 288 is divided by 106.
76
What is the remainder when 16 is divided by 3?
1
What is the remainder when 414 is divided by 156?
102
Calculate the remainder when 4519 is divided by 20.
19
What is the remainder when 640 is divided by 47?
29
Calculate the remainder when 336 is divided by 193.
143
Calculate the remainder when 702 is divided by 32.
30
Calculate the remainder when 23 is divided by 23.
0
What is the remainder when 338 is divided by 49?
44
What is the remainder when 356 is divided by 15?
11
What is the remainder when 3052 is divided by 65?
62
What is the remainder when 155 is divided by 21?
8
Calculate the remainder when 2432 is divided by 14.
10
Calculate the remainder when 63 is divided by 16.
15
What is the remainder when 2569 is divided by 108?
85
What is the remainder when 75 is divided by 21?
12
Calculate the remainder when 178 is divided by 22.
2
What is the remainder when 382 is divided by 11?
8
What is the remainder when 174 is divided by 23?
13
What is the remainder when 167 is divided by 56?
55
What is the remainder when 782 is divided by 49?
47
What is the remainder when 59 is divided by 13?
7
What is the remainder when 1939 is divided by 27?
22
What is the remainder when 401 is divided by 81?
77
Calculate the remainder when 237 is divided by 8.
5
What is the remainder when 95 is divided by 6?
5
Calculate the remainder when 26 is divided by 4.
2
Calculate the remainder when 1780 is divided by 304.
260
What is the remainder when 284 is divided by 18?
14
Calculate the remainder when 258 is divided by 96.
66
What is the remainder when 5981 is divided by 136?
133
Calculate the remainder when 161 is divided by 77.
7
What is the remainder when 1085 is divided by 3?
2
Calculate the remainder when 1291 is divided by 30.
1
What is the remainder when 523 is divided by 75?
73
Calculate the remainder when 832 is divided by 49.
48
Calculate the remainder when 47 is divided by 4.
3
Calculate the remainder when 455 is divided by 95.
75
What is the remainder when 717 is divided by 36?
33
Calculate the remainder when 56 is divided by 36.
20
What is the remainder when 389 is divided by 14?
11
Calculate the remainder when 4291 is divided by 53.
51
What is the remainder when 387 is divided by 139?
109
What is the remainder when 101 is divided by 14?
3
Calculate the remainder when 373 is divided by 54.
49
Calculate the remainder when 1526 is divided by 139.
136
What is the remainder when 4597 is divided by 184?
181
What is the remainder when 646 is divided by 82?
72
What is the remainder when 1159 is divided by 10?
9
What is the remainder when 644 is divided by 272?
100
Calculate the remainder when 226 is divided by 91.
44
What is the remainder when 359 is divided by 90?
89
What is the remainder when 10259 is divided by 54?
53
What is the remainder when 89 is divided by 46?
43
What is the remainder when 1844 is divided by 71?
69
What is the remainder when 781 is divided by 152?
21
Calculate the remainder when 791 is divided by 88.
87
Calculate the remainder when 31 is divided by 21.
10
Calculate the remainder when 836 is divided by 75.
11
What is the remainder when 188 is divided by 109?
79
What is the remainder when 89 is divided by 45?
44
Calculate the remainder when 2863 is divided by 30.
13
What is the remainder when 4619 is divided by 308?
307
Calculate the remainder when 271 is divided by 8.
7
What is the remainder when 1839 is divided by 71?
64
Calculate the remainder when 59 is divided by 29.
1
Calculate the remainder when 41789 is divided by 64.
61
What is the remainder when 284 is divided by 63?
32
What is the remainder when 6377 is divided by 62?
53
What is the remainder when 1362 is divided by 91?
88
What is the remainder when 397 is divided by 20?
17
Calculate the remainder when 258 is divided by 37.
36
What is the remainder when 43 is divided by 15?
13
What is the remainder when 564 is divided by 81?
78
Calculate the remainder when 594 is divided by 183.
45
What is the remainder when 4275 is divided by 138?
135
What is the remainder when 96 is divided by 79?
17
What is the remainder when 1419 is divided by 16?
11
Calculate the remainder when 2764 is divided by 347.
335
Calculate the remainder when 94 is divided by 14.
10
What is the remainder when 31 is divided by 20?
11
What is the remainder when 2042 is divided by 336?
26
Calculate the remainder when 943 is divided by 160.
143
Calculate the remainder when 117 is divided by 106.
11
What is the remainder when 195 is divided by 12?
3
What is the remainder when 452 is divided by 65?
62
Calculate the remainder when 246 is divided by 28.
22
Calculate the remainder when 960 is divided by 193.
188
What is the remainder when 277 is divided by 89?
10
Calculate the remainder when 243 is divided by 28.
19
What is the remainder when 64 is divided by 6?
4
What is the remainder when 950 is divided by 317?
316
What is the remainder when 407 is divided by 187?
33
What is the remainder when 4 is divided by 3?
1
What is the remainder when 976 is divided by 87?
19
What is the remainder when 209 is divided by 37?
24
What is the remainder when 121 is divided by 42?
37
Calculate the remainder when 56 is divided by 16.
8
Calculate the remainder when 716 is divided by 239.
238
What is the remainder when 1145 is divided by 37?
35
What is the remainder when 257 is divided by 36?
5
What is the remainder when 619 is divided by 196?
31
Calculate the remainder when 1248 is divided by 408.
24
Calculate the remainder when 3010 is divided by 116.
110
Calculate the remainder when 145 is divided by 36.
1
What is the remainder when 8128 is divided by 15?
13
Calculate the remainder when 2082 is divided by 23.
12
Calculate the remainder when 138 is divided by 7.
5
What is the remainder when 76 is divided by 31?
14
What is the remainder when 207 is divided by 52?
51
What is the remainder when 65 is divided by 9?
2
Calculate the remainder when 279 is divided by 40.
39
Calculate the remainder when 2913 is divided by 55.
53
Calculate the remainder when 2144 is divided by 65.
64
What is the remainder when 262 is divided by 30?
22
What is the remainder when 696 is divided by 175?
171
Calculate the remainder when 207 is divided by 207.
0
What is the remainder when 376 is divided by 21?
19
What is the remainder when 397 is divided by 92?
29
What is the remainder when 124 is divided by 103?
21
What is the remainder when 1530 is divided by 73?
70
Calculate the remainder when 121 is divided by 64.
57
Calculate the remainder when 210 is divided by 43.
38
Calculate the remainder when 719 is divided by 52.
43
Calculate the remainder when 19617 is divided by 9.
6
What is the remainder when 213 is divided by 12?
9
What is the remainder when 3517 is divided by 44?
41
What is the remainder when 1617 is divided by 30?
27
What is the remainder when 94 is divided by 27?
13
What is the remainder when 41 is divided by 21?
20
What is the remainder when 183 is divided by 48?
39
Calculate the remainder when 47 is divided by 25.
22
Calculate the remainder when 4873 is divided by 46.
43
What is the remainder when 83 is divided by 24?
11
Calculate the remainder when 176 is divided by 49.
29
Calculate the remainder when 1289 is divided by 76.
73
Calculate the remainder when 94 is divided by 5.
4
Calculate the remainder when 878 is divided by 98.
94
Calculate the remainder when 107 is divided by 27.
26
Calculate the remainder when 410 is divided by 73.
45
Calculate the remainder when 1043 is divided by 134.
105
What is the remainder when 4944 is divided by 28?
16
Calculate the remainder when 1354 is divided by 7.
3
Calculate the remainder when 1847 is divided by 8.
7
Calculate the remainder when 6659 is divided by 74.
73
What is the remainder when 182 is divided by 181?
1
What is the remainder when 127 is divided by 42?
1
Calculate the remainder when 176 is divided by 18.
14
Calculate the remainder when 244 is divided by 68.
40
Calculate the remainder when 1631 is divided by 34.
33
What is the remainder when 220 is divided by 30?
10
Calculate the remainder when 3080 is divided by 1026.
2
What is the remainder when 36 is divided by 10?
6
What is the remainder when 1331 is divided by 14?
1
What is the remainder w